4*l**2 + 5*l + 13. Let g(b) = 4*c(b) - 5*m(b). Calculate g(-3).
6
Let d(c) = -c**3 - 5*c**2 - c + 3. Let k be d(-5). Suppose -2*s - 4 = -k. Let x(o) = -7*o + 8. Let j(n) = -13*n + 15. Let z(w) = -6*j(w) + 11*x(w). Give z(s).
0
Suppose 22*a - 25*a + 12 = 0. Let t(h) = a + 3*h - 5*h + 0*h. Determine t(5).
-6
Let c be ((-17 - -7) + 1)/(-1). Let s(j) = -j**3 + 9*j**2 + 2*j - 2. Calculate s(c).
16
Let y(d) = d**3 + 13*d**2 + d + 1. Let t(z) = 5*z**3 + 54*z**2 + 5*z + 6. Let u(j) = -2*t(j) + 9*y(j). What is u(9)?
-12
Let g(x) = 10*x + 1. Suppose 0 = -12*p - 431 + 419. Calculate g(p).
-9
Let k(j) = -380 + 125 + j + 127 + j**2 + 123. Determine k(4).
15
Let u(q) = 2*q**2 - q - 4*q**2 - 2 + 3*q. Suppose -o - o - 22 = -3*z, -2 = -3*z - 2*o. Let y be (-5)/(-9)*z - (-4)/(-18). Calculate u(y).
-6
Suppose -5 = u + q + 15, -3*u + 2*q - 40 = 0. Let v(t) = -t**3 - 15*t**2 + 16*t - 5. Determine v(u).
-5
Let b(m) = m - 1227 + 613 + 611. Give b(0).
-3
Let v(r) be the second derivative of r**5/20 + 7*r**4/12 - r**3/6 - r**2 + 27*r - 4. Calculate v(-7).
5
Let s be 9*-5*4/(-20). Let q(p) = 2*p - p**2 - s*p + 2*p + 0*p + 6. Give q(-7).
-8
Let l = 10 - 6. Suppose l*o - 2*o - 12 = 0. Let j(m) = -3 + o*m - m - m. What is j(2)?
5
Suppose 20*r = 14*r - 36. Let z(m) = -m**2 - m. Let f(q) = 4*q**2 - q - 4. Let y(l) = 2*l - 5. Let a be y(5). Let i(n) = a*z(n) + f(n). Determine i(r).
-4
Let x(u) be the third derivative of -1/12*u**5 - 1/120*u**6 - 1/6*u**3 + 10*u**2 + 0 + 0*u - 1/12*u**4. What is x(-4)?
-9
Let f(s) = -244 + 5*s - 8*s**2 + s**3 + 86 + 81 + 88. Determine f(8).
51
Let m(n) = -14*n**3 + n**2 - 12*n + 30. Let v(p) = p**3 - 2*p + 4. Let l(z) = m(z) - 7*v(z). Give l(-1).
22
Let o = -3 - -2. Let g(i) = 6*i**3 + i**2 + 2*i - 4. Let c(f) = -5*f**3 - f**2 - 2*f + 3. Let m = -66 + 70. Let l(r) = m*g(r) + 5*c(r). Determine l(o).
1
Suppose 0 = 2*m + 4*d - 50, 3*d - 30 = m - 2*m. Let z = -11 + m. Let g(x) = 0*x - 3*x + 2*x + 5*x**2 - z*x**2 + 3. Determine g(0).
3
Suppose -2*v = -0*v - 10. Let k(p) = v - p - 4 + 0. Give k(-2).
3
Suppose -h + 3*f = -0*h - 2, 0 = -4*h + 5*f - 20. Let l(z) = -2*z + 5. Let u be l(h). Suppose i = 6*i + u. Let k(s) = s - 1. Determine k(i).
-6
Let p be 0/(-9) - (-3)/(6/4). Suppose 5*m - 3*s + 16 = 0, -p*m = m + s + 4. Let v(z) = 3*z**3 + z**2 - 2*z - 1. What is v(m)?
-17
Let m(c) = -c + 249 - 133 - 123. Give m(-10).
3
Let q be 3*-2*((-12)/(-8) + -2). Let r(i) = -9 + i + i**q + 4 - 3. Suppose 0 = -9*h + 4*h. Determine r(h).
-8
Let x(a) = -3*a - 60. Suppose 5*r = -3*k - 83, 4*r + 4*k + 18 + 42 = 0. Let l be x(r). Let s(y) = 2*y - 4. Determine s(l).
-10
Let b(s) = 3*s + 60. Let x be b(-20). Let d(w) = x*w + 28 - 59 + 24 - 2*w. Determine d(-6).
5
Let v(c) = -6*c + 2. Let a be v(-2). Let i = a - 10. Suppose -5*r - 6 = 3*z, -i*r + 5*z - 4 = -14. Let l(k) = k**3 - k**2 - k + 3. Determine l(r).
3
Let l = -1740 - -1747. Let d(f) = f**2 - 2*f - 2. What is d(l)?
33
Let q(n) be the second derivative of 0 + 1/20*n**5 - 5/2*n**2 - 7/6*n**3 - 5*n + 1/4*n**4. What is q(-4)?
7
Let c(p) = p**3 - 4*p**2 - 3*p + 2. Suppose 4*u - 10 = -w + u, 5*w - 4*u - 12 = 0. Let x be (-8)/(w/(-4)) + -4. What is c(x)?
-10
Let q(b) = -10*b**3 - b**2 - b + 1. Suppose -p + 279 = 278. What is q(p)?
-11
Let l(k) = 2*k**2 - k. Let o(q) = -28*q**2 - 2*q. Let x(m) = l(m) - o(m). Determine x(1).
31
Suppose 37*s - 251 = 119. Let v(w) = w**2 - 10*w - 6. Give v(s).
-6
Let c(m) = -m**2 - 3*m - 1. Suppose -36 = 12*p - 0*p. Calculate c(p).
-1
Let a(g) be the second derivative of 1/20*g**5 - 3/4*g**4 - 5/2*g**2 + 0 + 4/3*g**3 + 40*g. Determine a(8).
-5
Let d(r) be the third derivative of r**5/60 - r**4/12 - r**3/3 + r**2 + 5*r. Give d(-2).
6
Let q = 92 - 89. Let i(u) = u + 7. Let k be i(-7). Suppose k = 2*t - 4*d + 24, -t - q*d = -8*d + 27. Let r(p) = p**2 - p + 1. Give r(t).
7
Let i(s) = -5*s + 35. Let h be -3 - (2 - 3/1). Let v(p) = -p + 9. Let t(l) = h*i(l) + 9*v(l). Determine t(0).
11
Let u = -1093 - -1100. Let z(k) = k**3 - 5*k**2 - 10*k. Determine z(u).
28
Let l be -9*((-58)/30 + 88/55). Let k(t) be the second derivative of t**4/12 - t**3/2 + t. Determine k(l).
0
Let w(i) = 7*i + 71. Let c = -1910 + 1899. Give w(c).
-6
Let q(c) be the second derivative of -c**5/20 - c**4/6 - c**3/6 - 25*c. Let o be q(0). Let d(h) = h**2 - h - 3. What is d(o)?
-3
Let k(w) = -10*w**3 + w**2. Let f(i) = -5*i + 4*i - 4 + i**3 + 2*i**2 + 2*i**2. Let g be f(-4). Suppose 2*b + g = 2. Determine k(b).
-9
Let n(a) = 1 - 6*a**2 - 14*a**3 + 6*a**3 + 5*a**3 - 3*a + 2*a**3 - 10. Determine n(-6).
9
Let y(s) = 2*s**2 - 11*s + 4. Let q = 1187 - 1179. Give y(q).
44
Let u(j) = -6*j**3 - 5*j**2 + 3*j + 1. Let t(b) = -7*b**3 - 5*b**2 + 3*b. Let v(z) = 5*t(z) - 6*u(z). Calculate v(-6).
-24
Suppose 4*b - 7 = 25. Let i(m) = b*m + m**2 - 3*m**3 - 10 + 2*m**3 + 5*m**2. Let q(z) = -24*z - 185. Let g be q(-8). What is i(g)?
-3
Let f = -2329 + 2310. Let x(o) = o**2 + 17*o - 9. Calculate x(f).
29
Let y(d) be the first derivative of d**3/3 - 3*d**2 + 2*d - 17. Let k(q) = -1. Let s(p) = -k(p) + y(p). What is s(6)?
3
Let b(o) = 3*o - 4. Let y = 2 - -6. Suppose -h + y - 4 = 0. Suppose -h*d + 0*j = 2*j - 2, 0 = -5*d + j + 20. Determine b(d).
5
Suppose 5 = 2*a + 3. Suppose -a = d + 3*q - 5, 2*d = q - 13. Let b(o) = -488*o + 983*o - 494*o - 1. Calculate b(d).
-6
Suppose 9 = 3*f - 12*f. Let y(d) = -7*d**3 - 2*d**2 + d + 2. Calculate y(f).
6
Let l(a) = -a**2 - 6*a + 2. Let c(k) = k - 2. Let j = 3 - 0. Suppose j*i + 12 = -0*i. Let q be c(i). Calculate l(q).
2
Let n(r) be the first derivative of -r**3/3 - 4*r**2 - 5*r + 1. Let o = -1747 + 1739. Calculate n(o).
-5
Let c be 53 - 5/((-15)/(-2))*3. Let u = c + -46. Let h(x) = x**3 - 5*x**2 + x - 4. Calculate h(u).
1
Suppose 0*i = 5*i - 70. Let g = i - 12. Let x(k) = 6 - k**2 + k**2 + k**g - 5. Calculate x(1).
2
Let f(x) be the third derivative of x**5/60 - x**4/12 - x**3/6 - 39*x**2. Give f(2).
-1
Let u = -21 - -18. Let g(t) = -3*t - 6. Let l(d) = 4*d + 7. Let c(q) = u*g(q) - 2*l(q). Calculate c(-7).
-3
Let c(f) = -2*f**2 + 4*f - 5. Let o(u) = -19*u - 962. Let l be o(-51). Give c(l).
-75
Let j(k) = k**2 - 19*k - 16. Let q be j(20). Let d(u) = -u**3 + 7*u**2 - 8*u + 2 - q - 4. Give d(6).
-18
Suppose -h = -4*i + 52, 0 = 4*i + 2*h - 4*h - 56. Let k(m) = 6 - i*m**2 + 8*m + 20*m**2 - 9*m**2. Give k(8).
6
Let g(n) = -n**2 + 7*n - 4. Let y = 93 - 43. Suppose -y = -14*q + 4*q. Calculate g(q).
6
Let g(b) be the second derivative of -b**5/20 + 2*b**4/3 + b**3 + 5*b**2/2 - 3*b + 55. Calculate g(9).
-22
Suppose 19 = -7*s - 2. Let t(w) be the second derivative of 5/6*w**3 + 0 + 6*w + 1/12*w**4 - 1/2*w**2. Determine t(s).
-7
Let a = 28 + -23. Suppose -2*d + 105 = a*d. Let x(v) = d*v**2 + 7*v**3 - 15*v**3 + v - 15*v**2. Calculate x(-1).
7
Let d(y) = 2*y**2. Let w(l) = -13*l**2 + 3*l + 4. Let p(v) = -6*d(v) - w(v). Determine p(6).
14
Let p(n) be the first derivative of -1/3*n**3 + n + 15 + 1/2*n**2 + 1/4*n**4. Determine p(-2).
-13
Let s(y) = 46 - 2*y**2 - 136 + 48 - y + 37. Determine s(-4).
-33
Let q(x) be the first derivative of 1/2*x**2 - 15 + 6*x. Determine q(-5).
1
Let z(x) = -4*x - 2. Let d(g) = -20*g - 6 - 5 + 3*g**2 + 19*g. Let s(q) = -7*q**2 + q + 23. Let y(l) = 5*d(l) + 2*s(l). Let k be y(4). Calculate z(k).
18
Let n = -78 - -116. Suppose -52 = 4*y - 0*m + 3*m, 3*m - n = 5*y. Let t = y + 9. Let f(u) = -4*u**2 - 2*u - 1. Give f(t).
-3
Let k(c) = -c**3 - 24*c**2 - 25*c - 43. Let b be k(-23). Let z(d) be the second derivative of -6*d + 0 + 1/3*d**b + 0*d**2. Calculate z(4).
8
Let n(o) = o**3 + 6*o**2 + 6*o - 1. Suppose 5*f = f - 5*k - 20, -3*f + 3*k = 15. Determine n(f).
-6
Let l(g) = -8 + 0 - g**3 + 6*g**2 - 4*g + 6. Let b be l(5). Let y(c) be the second derivative of c**3/6 - c**2 + c. What is y(b)?
1
Let q(h) = 2*h**2 - 37*h + 4. Let g(d) = -2*d**2 + 31*d - 3. Let i(x) = -7*g(x) - 6*q(x). Give i(-3).
0
Let t(l) be the third derivative of l**6/120 - l**5/5 + l**4/2 - 17*l**3/6 + 34*l**2. What is t(11)?
-6
Let n be (0/(-1))/(2 + (3 - 3)). Let k(d) = -d + 3 + n + 2*d + d**2 + 6*d. Calculate k(-5).
-7
Let n(p) be the third derivative of p**5/60 - 3*p**4/8 + 5*p**3/3 + p**2. Suppose -4*i - 3*o + 47 = 0, 12*i + 4*o = 17*i - 20. Calculate n(i).
2
Let m(k) = 6*k - 3. Let w(r) = -22*r + 18. Let l(t) = -3*m(t) - w(t